ens digit of i?
5
Suppose 3*c = -3*o + 267, -o + 109 = -4*c + 15. Suppose -94*s + 1296 = -o*s. What is the units digit of s?
4
Let x = 228 + -195. Let z = x + 73. What is the hundreds digit of z?
1
Let l = 314 - -119. Let j = l - 190. Let x = j + -145. What is the tens digit of x?
9
What is the hundreds digit of (7/(-28))/(4/(-1936))?
1
Let n be -1*(1 + 6*-1). Suppose -c = -3*z - n*c + 20, -z = 4*c - 12. Suppose -3*r + 218 = 2*d - r, 2*r = z*d - 448. What is the hundreds digit of d?
1
Let h be 385/75 - 8/60. Suppose 581 = h*t + 91. What is the tens digit of t?
9
What is the units digit of (-252901)/(-6) + (-1630)/(-1956)?
1
Let m = 265 + -262. Suppose m = l, f - 5*l - 387 + 57 = 0. What is the hundreds digit of f?
3
Suppose 4*b - 8708 = l, -2*b - 6*l = -0*b - 4406. What is the hundreds digit of b?
1
Suppose -16961 = -3*a + 4*w, -4*a + 22600 = 170*w - 168*w. What is the thousands digit of a?
5
Let a(m) = 252*m - 1. Let g be a(3). Let h = g + -254. Suppose -165 + h = 8*q. What is the tens digit of q?
4
Let g = -71 - -83. Let k(i) = 15*i**2 - 4 + g*i - 6 - 12 - i**3. What is the tens digit of k(15)?
5
Let n be 30/15*(3/(-2))/1. Let w = n - -53. Let b = w + 76. What is the tens digit of b?
2
Suppose 5*w - 27 = 5*f - 157, 2*f - w - 47 = 0. Let r = f - 23. What is the tens digit of (51/(-12))/(r/8)?
1
Suppose -877989 = 14*t - 22*t - 13*t. What is the thousands digit of t?
1
Let b(k) = 9034*k + 11602. What is the thousands digit of b(7)?
4
Let y(u) = -u + 14. Let o be y(14). Let p be 801 + ((-2 + -2)/(-1) - o). Suppose 4*s + 181 = p. What is the hundreds digit of s?
1
Let h(d) = 6*d**2 + 28*d - 69. Let o be (8 + -9)*1*17. What is the thousands digit of h(o)?
1
Suppose 0 = -77*f + 62*f + 30. Suppose -562 = f*p - 3048. What is the units digit of p?
3
Let g(w) = 1141*w**2 - 28*w + 26. Let j(z) = -z**3 + z**2 + 4*z + 1. Let k be j(0). What is the thousands digit of g(k)?
1
Let b be (24/28)/((-4)/(-56)). Suppose 2*y - y - 5*i = -19, 4*y + 1 = -5*i. What is the units digit of (42/b)/(y/(-8))?
7
Suppose -3*h + 6 = 0, h - 4*h + 6 = 4*p. Suppose -3*k - 50 + 14 = p. What is the tens digit of (-46)/4*(-7)/((-7)/k)?
3
Let c = -72 + 86. Let h be -3 - 7/(c/4). Let u(p) = p**3 + 9*p**2 + 10*p + 2. What is the tens digit of u(h)?
5
Suppose -4*h - 2*m = -18, 6*m + 28 = 5*h + 3*m. Suppose -4 - h = 9*b. What is the tens digit of 24*(-1)/b - (-4)/(-4)?
2
Suppose -165 = -5*g - 4*n, -g + 66 = g - 4*n. Suppose h = -2*h + g. Let b = h + 34. What is the tens digit of b?
4
Suppose -8*x + 356 + 3580 = 0. Suppose -13*v + x = -3278. What is the hundreds digit of v?
2
Let a = 6047 - -1865. What is the thousands digit of a?
7
Let m = -1374 - -926. What is the tens digit of m/(-20) - 6/15?
2
Suppose -20 = -3*r + 4. Suppose -851 - 4061 = -r*i. What is the hundreds digit of i?
6
Suppose -o = 60 - 65. Suppose -14*l + 13*l + 4*a + 506 = 0, o*a = 10. What is the tens digit of l?
1
Let x = 373 + -365. Suppose -x*i - 6840 = -12*i. What is the thousands digit of i?
1
Let h be (-3)/9*3 + 9. Let r = h + -3. Suppose -r*f + 13 - 98 = -2*o, 5*f = -3*o + 90. What is the tens digit of o?
3
Suppose 0 = -9*u - u + 20. Suppose 2*g - u*b = 20, 3*g + 8*b - 3*b = 22. What is the hundreds digit of (-2)/(-8) - ((-13257)/12)/g?
1
Let q(c) = c**2 - 131*c + 2881. What is the units digit of q(135)?
1
Let u = 3131 + 1015. What is the units digit of u/24*6 + (-3)/(-6)?
7
Suppose 71 = -0*g + 2*g - 5*s, 4*s = -3*g + 164. Let t be (134/4)/(-3*4/g). Let m = t - -196. What is the units digit of m?
2
Suppose -4*t + 57*d = 60*d - 60753, -5*d - 5 = 0. What is the ten thousands digit of t?
1
Let v(t) be the third derivative of 17*t**4/24 + 27*t**3/2 - 23*t**2 - 3*t. What is the tens digit of v(10)?
5
Suppose -186 = -4*q - 2*s, -4*q - 7*s = -3*s - 184. Suppose -q*w = -42*w - 8825. What is the thousands digit of w?
1
Let i = 69354 - 20106. What is the thousands digit of i?
9
Let b(y) = -474*y - 242. Let h be b(-4). Suppose 0 = -o + u + 1411, -3*o - 2*u = -2574 - h. What is the tens digit of o?
1
Let d(a) be the second derivative of 19/12*a**4 - 1/20*a**5 + 15/2*a**2 + 2*a - 13/6*a**3 + 0. What is the units digit of d(18)?
5
Let o(b) be the third derivative of -4*b**2 + 13/24*b**4 - 1/4*b**5 + 19/6*b**3 + 1/120*b**6 + 0*b + 0. What is the units digit of o(14)?
5
Let h(v) be the third derivative of v**5/15 + v**4/24 + 5*v**3/6 + 3*v**2. Let y be h(3). Let i = 113 - y. What is the tens digit of i?
6
Let c be (-3)/(-36)*3 + 476/16. Suppose -c*t - 230 = -35*t. Let l = t - 35. What is the tens digit of l?
1
What is the thousands digit of 0 + 229866/38 - (-214)/(-2033)?
6
Suppose -5*z - x = -381, -3*x - 17 = -20. Suppose -4*w + 3027 = 3*q + z, -3*q - 2*w = -2959. What is the hundreds digit of q?
9
Let s = -16716 - -24338. What is the thousands digit of s?
7
Suppose 0 = 4*x + 2*u - 45 + 17, 2*u = -x + 1. Let g be ((-11)/(-3) - 3) + (-3273)/x. Let b = g + 532. What is the hundreds digit of b?
1
Let x(g) be the first derivative of g**4/4 - 5*g**3/3 - 3*g**2/2 + 14*g + 7. Let k be x(6). Suppose 130 = 7*n + k. What is the tens digit of n?
1
Let a be 12/((2/(-8))/((-6)/(-24))). What is the units digit of (-9634)/a + (-3)/(-18)?
3
What is the units digit of (-663)/65 + 9 - (-118953)/15?
9
Let t(c) = -58902*c - 3177. What is the ten thousands digit of t(-1)?
5
Let l be (-124)/(-4) + (-2 - -4). Suppose 4*d = 4*y + 84, -3*y + l = 4*d - 72. Suppose -c = 2*c - d. What is the units digit of c?
8
Let w = 52938 - 21601. What is the hundreds digit of w?
3
Let a = 12704 - 6871. What is the hundreds digit of a?
8
What is the thousands digit of (3 + -2 + -2)/((-119)/8486723)?
1
Suppose 41337 = 20*s - 117003. What is the tens digit of s?
1
Let c be 6/4 + (-3)/(-6). Suppose 3*u - c*h = h + 9, -4*h - 8 = 0. What is the tens digit of 4 - (15/5 - 247*u)?
4
Suppose 3*m - 17250 = 4*n, m - 213*n + 214*n = 5757. What is the hundreds digit of m?
7
Let i = 66 - 16. Suppose -5*u - 5*l = -i, -4*u + 2*u = -l - 17. Let h(o) = 2*o**2 - 4*o - 23. What is the units digit of h(u)?
3
Suppose 13 - 45 = -3*b - 5*u, -3*b = -2*u - 4. Suppose 6*h - b*h = 968. Suppose 5*f - 46 = h. What is the tens digit of f?
0
Let s = -175 - -178. What is the tens digit of (s - -167) + (-4 - (-3 - -1))?
6
Suppose -68*h = -69*h + 104. Let z be -4 - (0/(-4))/1 - h. Let f = -107 - z. What is the units digit of f?
1
Let t(f) = 70*f**2 + 1169*f - 4. What is the tens digit of t(5)?
9
Let b(i) = 2*i**2 - 4*i - 7. Let v be b(4). Let l = v - -15. Suppose 2*q = -9 + 3, f - 2*q = l. What is the tens digit of f?
1
Suppose -4*c - 97 - 211 = -5*z, 0 = 5*z - 2*c - 314. What is the units digit of 2/((-16)/(-104))*z?
2
Let y(z) = 21*z + 26. Let c be y(-4). Let i = -47 - c. Let o(d) = d**2 - 3*d - 8. What is the tens digit of o(i)?
8
Let i(k) = 7*k**2 + 11*k + 4. Let g(c) = -3*c**2 - 5*c - 2. Let b(d) = 5*g(d) + 2*i(d). Let h be b(-4). What is the units digit of (1 + -2 - -55) + h/6?
3
Let m(f) be the first derivative of 4*f**3/3 - 24*f**2 - 31*f - 22. Let y(s) be the first derivative of m(s). What is the tens digit of y(16)?
8
Suppose -2*y - 9918 = -r, 44 - 40 = 4*y. What is the units digit of r?
0
Let g(o) = -o**2 + 9*o - 4. Let p be g(9). Let j(v) = 11*v**2 - 12*v - 6. What is the tens digit of j(p)?
1
Let r = -52 + 54. Suppose 2*t + g + 80 = 230, 2*t = 5*g + 150. Suppose -16 = -p + 4*q, -t = r*p - 5*p + 3*q. What is the tens digit of p?
2
What is the tens digit of -2231*(-20 - -21)*-14?
3
Let q(y) = -48*y - 1. Let l be q(-1). Let z be (-14)/((-1008)/13518) + (-10)/(-8). Suppose l = 2*x - z. What is the tens digit of x?
1
Let f(x) = x**3 + 50*x**2 + 53*x + 151. What is the units digit of f(-17)?
7
Suppose 4*k + 3*d = 47328, -4*d - 3127 = k - 14959. What is the units digit of k?
2
Let x = -29418 + 32019. What is the units digit of x?
1
Let v = -1194 - -5485. What is the tens digit of v?
9
Let h(t) = -2386*t - 676. What is the units digit of h(-5)?
4
Let o = 87 - 85. Suppose 3*z = -2*k + 500, -o*z + 0*z = -k + 250. What is the hundreds digit of k?
2
Let i = -3620 - -5137. Let u = i + -141. What is the hundreds digit of u?
3
Let a(r) be the first derivative of -r**2/2 + 13*r + 2. Let u be a(3). Suppose -u = 7*m - 52. What is the units digit of m?
6
Suppose 2*m - 9 = 1. Suppose 0 = -m*b + 4*k + 405, 